{"id":276,"date":"2025-02-22T13:22:07","date_gmt":"2025-02-22T13:22:07","guid":{"rendered":"https:\/\/fabricia.at\/?page_id=276"},"modified":"2025-03-13T12:39:17","modified_gmt":"2025-03-13T12:39:17","slug":"anreise-hotels","status":"publish","type":"page","link":"https:\/\/fabricia.at\/?page_id=276","title":{"rendered":"Anreise &amp; Hotels"},"content":{"rendered":"<p>[et_pb_section fb_built=&#8220;1&#8243; _builder_version=&#8220;4.27.2&#8243; _module_preset=&#8220;default&#8220; background_image=&#8220;http:\/\/fabricia.at\/wp-content\/uploads\/webreadyTR_20240903_TR_20240903__DSC2215-2.png&#8220; parallax=&#8220;on&#8220; background_enable_video_mp4=&#8220;off&#8220; width=&#8220;100%&#8220; max_width_tablet=&#8220;&#8220; max_width_phone=&#8220;100%&#8220; max_width_last_edited=&#8220;on|phone&#8220; custom_margin=&#8220;||||false|false&#8220; custom_padding=&#8220;0px||100px||false|false&#8220; background_last_edited=&#8220;off|phone&#8220; background_enable_image_phone=&#8220;off&#8220; background_enable_video_mp4_phone=&#8220;off&#8220; global_colors_info=&#8220;{}&#8220; height__hover_enabled=&#8220;on|desktop&#8220;][et_pb_row _builder_version=&#8220;4.27.2&#8243; _module_preset=&#8220;default&#8220; global_colors_info=&#8220;{}&#8220;][et_pb_column type=&#8220;4_4&#8243; _builder_version=&#8220;4.27.2&#8243; _module_preset=&#8220;default&#8220; global_colors_info=&#8220;{}&#8220;][et_pb_text _builder_version=&#8220;4.27.2&#8243; _module_preset=&#8220;default&#8220; text_font=&#8220;EB Garamond||||||||&#8220; text_text_color=&#8220;#FFFFFF&#8220; text_font_size=&#8220;87px&#8220; text_letter_spacing=&#8220;15px&#8220; text_line_height=&#8220;1.9em&#8220; header_text_align=&#8220;center&#8220; background_color=&#8220;RGBA(255,255,255,0)&#8220; text_orientation=&#8220;center&#8220; custom_margin=&#8220;140px||||false|false&#8220; text_font_size_tablet=&#8220;43px&#8220; text_font_size_phone=&#8220;34px&#8220; text_font_size_last_edited=&#8220;on|phone&#8220; global_colors_info=&#8220;{}&#8220;]<\/p>\n<p>ANREISE &amp; HOTELS<\/p>\n<p>[\/et_pb_text][et_pb_text _builder_version=&#8220;4.27.2&#8243; _module_preset=&#8220;default&#8220; text_font=&#8220;EB Garamond||||||||&#8220; text_text_color=&#8220;#FFFFFF&#8220; text_font_size=&#8220;21px&#8220; text_letter_spacing=&#8220;4px&#8220; text_line_height=&#8220;1.8em&#8220; text_orientation=&#8220;center&#8220; custom_margin=&#8220;140px||||false|false&#8220; global_colors_info=&#8220;{}&#8220;]<\/p>\n<p>14.08.2025<br \/>Schlosspark M\u00fchlbach am Manhartsberg<\/p>\n<p>[\/et_pb_text][\/et_pb_column][\/et_pb_row][\/et_pb_section][et_pb_section fb_built=&#8220;1&#8243; _builder_version=&#8220;4.27.2&#8243; _module_preset=&#8220;default&#8220; background_color=&#8220;#d3dcdf&#8220; width=&#8220;100%&#8220; max_width=&#8220;100%&#8220; custom_margin=&#8220;||||false|false&#8220; custom_padding=&#8220;||||false|false&#8220; global_colors_info=&#8220;{}&#8220;][et_pb_row _builder_version=&#8220;4.27.2&#8243; _module_preset=&#8220;default&#8220; width=&#8220;100%&#8220; max_width=&#8220;2560px&#8220; global_colors_info=&#8220;{}&#8220;][et_pb_column type=&#8220;4_4&#8243; _builder_version=&#8220;4.27.2&#8243; _module_preset=&#8220;default&#8220; global_colors_info=&#8220;{}&#8220;][et_pb_image src=&#8220;http:\/\/fabricia.at\/wp-content\/uploads\/amoreimpark.png&#8220; title_text=&#8220;amoreimpark&#8220; align=&#8220;center&#8220; _builder_version=&#8220;4.27.2&#8243; _module_preset=&#8220;default&#8220; width=&#8220;100%&#8220; max_width=&#8220;49%&#8220; max_width_tablet=&#8220;49%&#8220; max_width_phone=&#8220;97%&#8220; max_width_last_edited=&#8220;on|phone&#8220; global_colors_info=&#8220;{}&#8220;][\/et_pb_image][\/et_pb_column][\/et_pb_row][\/et_pb_section][et_pb_section fb_built=&#8220;1&#8243; _builder_version=&#8220;4.27.2&#8243; _module_preset=&#8220;default&#8220; global_colors_info=&#8220;{}&#8220;][et_pb_row _builder_version=&#8220;4.27.2&#8243; _module_preset=&#8220;default&#8220; global_colors_info=&#8220;{}&#8220;][et_pb_column type=&#8220;4_4&#8243; _builder_version=&#8220;4.27.2&#8243; _module_preset=&#8220;default&#8220; global_colors_info=&#8220;{}&#8220;][et_pb_text _builder_version=&#8220;4.27.2&#8243; _module_preset=&#8220;default&#8220; text_font=&#8220;EB Garamond||||||||&#8220; text_font_size=&#8220;22px&#8220; text_line_height=&#8220;1.1em&#8220; custom_padding=&#8220;6px|||||&#8220; hover_enabled=&#8220;0&#8243; global_colors_info=&#8220;{}&#8220; sticky_enabled=&#8220;0&#8243;]<\/p>\n<p><span style=\"color: #cf4c2a;\"><b>NACH DEM FEST<\/b><\/span><\/p>\n<p><span style=\"font-weight: 400;\">Wer die Nacht durchtanzt, muss die m\u00fcden F\u00fc\u00dfe ausruhen. Wir haben zwei Hotelempfehlungen f\u00fcr euch:\u00a0<\/span><\/p>\n<p><strong>LOISIUM WINE &amp; SPA HOTEL<br \/><\/strong><span style=\"font-weight: 400;\">Loisium-Allee 2, 3550 Langenlois<\/span><span style=\"font-weight: 400;\"><br \/><\/span><span style=\"font-weight: 400;\"><a href=\"https:\/\/maps.app.goo.gl\/qqE7FCeeNMfPDtz79\">https:\/\/maps.app.goo.gl\/qqE7FCeeNMfPDtz79<\/a><br \/><a href=\"https:\/\/maps.app.goo.gl\/qqE7FCeeNMfPDtz79\"><\/a><\/span><a href=\"mailto:hotel.langenlois@loisium.com\"><span style=\"font-weight: 400;\">hotel.langenlois@loisium.com<\/span><span style=\"font-weight: 400;\"><br \/><\/span><\/a><span style=\"font-weight: 400;\">+43 2734 77100<\/span><\/p>\n<p><span style=\"font-weight: 400;\">Die g\u00fcnstigsten Preise findet ihr direkt auf der Hotel-Website unter <a href=\"https:\/\/www.loisium.com\/\" target=\"_blank\" rel=\"noopener\">loisium.com<\/a> und ohne Stornom\u00f6glichkeit. Hier konnten wir kein Kontingent reservieren, bitte bucht daher selbstst\u00e4ndig unter Angabe des Kennworts \u201eFabricia\u201c.<\/span><\/p>\n<p>&nbsp;<\/p>\n<p><strong><span style=\"color: #666666;\">EISENBOCK\u2018S STRASSER HOF<\/span><\/strong><\/p>\n<p><span style=\"font-weight: 400;\">Marktplatz 30, 3491 Stra\u00df im Stra\u00dfertale<\/span><span style=\"font-weight: 400;\"><br \/><\/span><a href=\"https:\/\/maps.app.goo.gl\/voS88Rx7HGhfmYbDA\"><span style=\"font-weight: 400;\">https:\/\/maps.app.goo.gl\/voS88Rx7HGhfmYbDA<\/span><span style=\"font-weight: 400;\"><br \/><\/span><\/a><span style=\"font-weight: 400;\">Preis pro Person \/ Nacht\u00a0 \u20ac 80,-<br \/><\/span><span style=\"font-weight: 400;\"><a href=\"mailto:eisenbocks@strasserhof.at\">eisenbocks@strasserhof.at<\/a><br \/><a href=\"mailto:eisenbocks@strasserhof.at\"><\/a><\/span>+ 43 2735 2427<\/p>\n<p><span style=\"font-weight: 400;\">Wir haben f\u00fcr euch im Strasser Hof ein Kontingent von 15 Zimmern reserviert. Dieses ist unter dem Kennwort \u201eFabricia\u201c bis 30. April 2025 abrufbar.\u00a0\u00a0<\/span><\/p>\n<p>&nbsp;<\/p>\n<p><span style=\"color: #666666;\"><b>Nichts Passendes f\u00fcr euch dabei?<\/b><\/span><\/p>\n<p><span style=\"font-weight: 400;\">Kein Problem, w\u00e4hrend unserer Recherche sind wir auf einige weitere Unterk\u00fcnfte in Langenlois und Stra\u00df gesto\u00dfen. Hier eine Auswahl an weiteren Optionen, die in der N\u00e4he der oben genannten Hotels liegen:\u00a0<\/span><\/p>\n<p><strong>G\u00c4STEHAUS HAHN<br \/><\/strong><span style=\"font-weight: 400;\">Prof. Kasererweg 355, 3491 Stra\u00df im Stra\u00dfertale<br \/><\/span><span><a href=\"mailto:gaestehaus-hahn@aon.at\">gaestehaus-hahn@aon.at<\/a><br \/><a href=\"mailto:gaestehaus-hahn@aon.at\"><\/a><\/span>+ 43 664 73101768<\/p>\n<p><strong>WEINHAUERHOF PASCHING KLINGLHUBER<br \/><\/strong><span style=\"font-weight: 400;\">Walterstra\u00dfe 42, 3550 Langenlois<br \/><\/span><span><a href=\"mailto:pasching-klinglhuber@gmx.at\">pasching-klinglhuber@gmx.at<\/a><br \/><a href=\"mailto:pasching-klinglhuber@gmx.at\"><\/a><\/span>+43 664 4521929\u00a0|\u00a0+43 664 3521210<\/p>\n<p><strong>WEINGUT THOMAS BRANDL<br \/><\/strong><span style=\"font-weight: 400;\">Marktplatz 74, 3491 Stra\u00df im Stra\u00dfertale<br \/><\/span><span><a href=\"mailto:brandlweingut@gmail.com\">brandlweingut@gmail.com<\/a><br \/><a href=\"mailto:brandlweingut@gmail.com\"><\/a><\/span>+43\u00a0664 4819191<\/p>\n<p><strong>GASTHOF BERGER<br \/><\/strong>Zemling 54, 3473 Zemling<br \/><span><a href=\"mailto:gasthausberger@gmx.at\">gasthausberger@gmx.at<\/a><br \/><a href=\"mailto:gasthausberger@gmx.at\"><\/a><\/span>+ 43 2957 300<br \/>Der Gasthof ist wenige Gehminuten vom Schlosspark M\u00fchlbach entfernt.<\/p>\n<p>&nbsp;<\/p>\n<p><span style=\"font-weight: 400;\">Die Unterkunft k\u00f6nnt ihr selbstverst\u00e4ndlich frei w\u00e4hlen. Bitte beachtet nur, dass sich euer Hotel in Stra\u00df oder Langenlois befindet und somit auf der Route des Shuttle-Services liegt.\u00a0<\/span><\/p>\n<p>&nbsp;<\/p>\n<p><span style=\"color: #cf4c2a;\"><b>VON A NACH B<\/b><\/span><\/p>\n<p><span style=\"font-weight: 400;\">Ein Shuttle-Service wird f\u00fcr euch an den beiden oben genannten Hotels in Langenlois und Stra\u00df sowie beim Schlosspark bereitstehen.\u00a0<\/span><\/p>\n<p><b><span style=\"color: #cf4c2a;\">Abfahrtszeiten f\u00fcr die Hinfahrt:<\/span>\u00a0<\/b><\/p>\n<p><span style=\"font-weight: 400;\">12:45 Uhr vom Loisium in Langenlois <\/span><span style=\"font-weight: 400;\"><br \/><\/span><span style=\"font-weight: 400;\">Standort: <\/span><a href=\"https:\/\/maps.app.goo.gl\/qqE7FCeeNMfPDtz79\"><span style=\"font-weight: 400;\">https:\/\/maps.app.goo.gl\/qqE7FCeeNMfPDtz79<\/span><\/a><\/p>\n<p><span style=\"font-weight: 400;\">13:00 Uhr vom Strasser Hof in Stra\u00df im Stra\u00dfertale<\/span><span style=\"font-weight: 400;\"><br \/><\/span><span style=\"font-weight: 400;\">Standort: <\/span><a href=\"https:\/\/maps.app.goo.gl\/voS88Rx7HGhfmYbDA\"><span style=\"font-weight: 400;\">https:\/\/maps.app.goo.gl\/voS88Rx7HGhfmYbDA<\/span><\/a><\/p>\n<p>&nbsp;<\/p>\n<p><span style=\"color: #cf4c2a;\"><b>Abfahrtszeiten f\u00fcr die R\u00fcckfahrt:\u00a0<\/b><\/span><\/p>\n<p><span style=\"font-weight: 400;\">23:00 bis 3:00 Uhr &#8211; st\u00fcndlich vom Schlosspark M\u00fchlbach nach Stra\u00df und Langenlois.\u00a0<\/span><\/p>\n<p><span style=\"font-weight: 400;\">Solltet ihr nicht \u00fcbernachten, stehen gen\u00fcgend Parkm\u00f6glichkeiten beim Schlosspark zur Verf\u00fcgung. Hier findet ihr einen Lageplan der Location sowie die eingezeichneten Parkm\u00f6glichkeiten.\u00a0<\/span><\/p>\n<p>&nbsp;<\/p>\n<p>[\/et_pb_text][\/et_pb_column][\/et_pb_row][\/et_pb_section][et_pb_section fb_built=&#8220;1&#8243; _builder_version=&#8220;4.27.2&#8243; _module_preset=&#8220;default&#8220; global_colors_info=&#8220;{}&#8220;][et_pb_row _builder_version=&#8220;4.27.2&#8243; _module_preset=&#8220;default&#8220; global_colors_info=&#8220;{}&#8220;][et_pb_column type=&#8220;4_4&#8243; _builder_version=&#8220;4.27.2&#8243; _module_preset=&#8220;default&#8220; global_colors_info=&#8220;{}&#8220;][et_pb_image src=&#8220;http:\/\/fabricia.at\/wp-content\/uploads\/Fabricia-Plan-scaled.jpg&#8220; alt=&#8220;Lageplan M\u00fchlbach&#8220; title_text=&#8220;Druck&#8220; show_in_lightbox=&#8220;on&#8220; align=&#8220;center&#8220; _builder_version=&#8220;4.27.2&#8243; _module_preset=&#8220;default&#8220; max_width=&#8220;77%&#8220; global_colors_info=&#8220;{}&#8220;][\/et_pb_image][\/et_pb_column][\/et_pb_row][\/et_pb_section][et_pb_section fb_built=&#8220;1&#8243; _builder_version=&#8220;4.27.2&#8243; _module_preset=&#8220;default&#8220; custom_margin=&#8220;-100px||-100px||false|false&#8220; custom_padding=&#8220;0px||||false|false&#8220; global_colors_info=&#8220;{}&#8220;][et_pb_row _builder_version=&#8220;4.27.2&#8243; _module_preset=&#8220;default&#8220; background_color=&#8220;RGBA(255,255,255,0)&#8220; global_colors_info=&#8220;{}&#8220;][et_pb_column type=&#8220;4_4&#8243; _builder_version=&#8220;4.27.2&#8243; _module_preset=&#8220;default&#8220; global_colors_info=&#8220;{}&#8220;][et_pb_countdown_timer title=&#8220;Ihr Titel&#8220; date_time=&#8220;2025-08-14 10:32&#8243; _builder_version=&#8220;4.27.2&#8243; _module_preset=&#8220;default&#8220; header_text_color=&#8220;RGBA(255,255,255,0)&#8220; header_letter_spacing=&#8220;9px&#8220; numbers_font=&#8220;EB Garamond||||||||&#8220; numbers_text_color=&#8220;rgba(0,0,0,0.66)&#8220; numbers_letter_spacing=&#8220;1px&#8220; label_font=&#8220;EB Garamond||||||||&#8220; label_text_color=&#8220;#000000&#8243; label_letter_spacing=&#8220;3px&#8220; label_line_height=&#8220;32px&#8220; background_color=&#8220;RGBA(255,255,255,0)&#8220; label_font_size_tablet=&#8220;12px&#8220; label_font_size_phone=&#8220;1px&#8220; label_font_size_last_edited=&#8220;on|tablet&#8220; global_colors_info=&#8220;{}&#8220;][\/et_pb_countdown_timer][et_pb_image src=&#8220;http:\/\/fabricia.at\/wp-content\/uploads\/2024\/11\/Logo_black_bg.png&#8220; title_text=&#8220;Logo_black_bg&#8220; align=&#8220;center&#8220; _builder_version=&#8220;4.27.2&#8243; _module_preset=&#8220;default&#8220; width=&#8220;18%&#8220; width_tablet=&#8220;18%&#8220; width_phone=&#8220;55%&#8220; width_last_edited=&#8220;on|phone&#8220; max_width=&#8220;80%&#8220; custom_margin=&#8220;-10px||-300px||false|false&#8220; custom_padding=&#8220;1px||||false|false&#8220; global_colors_info=&#8220;{}&#8220;][\/et_pb_image][\/et_pb_column][\/et_pb_row][\/et_pb_section][et_pb_section fb_built=&#8220;1&#8243; _builder_version=&#8220;4.27.2&#8243; _module_preset=&#8220;default&#8220; global_colors_info=&#8220;{}&#8220;][et_pb_row _builder_version=&#8220;4.27.2&#8243; _module_preset=&#8220;default&#8220; global_colors_info=&#8220;{}&#8220;][et_pb_column type=&#8220;4_4&#8243; _builder_version=&#8220;4.27.2&#8243; _module_preset=&#8220;default&#8220; global_colors_info=&#8220;{}&#8220;][\/et_pb_column][\/et_pb_row][\/et_pb_section][et_pb_section fb_built=&#8220;1&#8243; _builder_version=&#8220;4.27.2&#8243; _module_preset=&#8220;default&#8220; background_color=&#8220;#ece7db&#8220; max_width=&#8220;99%&#8220; height=&#8220;145px&#8220; global_colors_info=&#8220;{}&#8220;][et_pb_row _builder_version=&#8220;4.27.2&#8243; _module_preset=&#8220;default&#8220; width=&#8220;50%&#8220; custom_margin=&#8220;80px||||false|false&#8220; global_colors_info=&#8220;{}&#8220;][et_pb_column type=&#8220;4_4&#8243; _builder_version=&#8220;4.27.2&#8243; _module_preset=&#8220;default&#8220; global_colors_info=&#8220;{}&#8220;][et_pb_text _builder_version=&#8220;4.27.2&#8243; _module_preset=&#8220;default&#8220; link_option_url=&#8220;https:\/\/fabricia.at\/?page_id=159&#8243; global_colors_info=&#8220;{}&#8220;]<\/p>\n<p style=\"text-align: center;\">Datenschutz<\/p>\n<p>[\/et_pb_text][\/et_pb_column][\/et_pb_row][\/et_pb_section]<\/p>\n","protected":false},"excerpt":{"rendered":"<p>ANREISE &amp; HOTELS14.08.2025Schlosspark M\u00fchlbach am ManhartsbergNACH DEM FEST Wer die Nacht durchtanzt, muss die m\u00fcden F\u00fc\u00dfe ausruhen. Wir haben zwei Hotelempfehlungen f\u00fcr euch:\u00a0 LOISIUM WINE &amp; SPA HOTELLoisium-Allee 2, 3550 Langenloishttps:\/\/maps.app.goo.gl\/qqE7FCeeNMfPDtz79hotel.langenlois@loisium.com+43 2734 77100 Die g\u00fcnstigsten Preise findet ihr direkt auf der Hotel-Website unter loisium.com und ohne Stornom\u00f6glichkeit. Hier konnten wir kein Kontingent reservieren, bitte bucht [&hellip;]<\/p>\n","protected":false},"author":1,"featured_media":0,"parent":0,"menu_order":0,"comment_status":"closed","ping_status":"closed","template":"","meta":{"_et_pb_use_builder":"on","_et_pb_old_content":"","_et_gb_content_width":"","footnotes":""},"class_list":["post-276","page","type-page","status-publish","hentry"],"_links":{"self":[{"href":"https:\/\/fabricia.at\/index.php?rest_route=\/wp\/v2\/pages\/276","targetHints":{"allow":["GET"]}}],"collection":[{"href":"https:\/\/fabricia.at\/index.php?rest_route=\/wp\/v2\/pages"}],"about":[{"href":"https:\/\/fabricia.at\/index.php?rest_route=\/wp\/v2\/types\/page"}],"author":[{"embeddable":true,"href":"https:\/\/fabricia.at\/index.php?rest_route=\/wp\/v2\/users\/1"}],"replies":[{"embeddable":true,"href":"https:\/\/fabricia.at\/index.php?rest_route=%2Fwp%2Fv2%2Fcomments&post=276"}],"version-history":[{"count":22,"href":"https:\/\/fabricia.at\/index.php?rest_route=\/wp\/v2\/pages\/276\/revisions"}],"predecessor-version":[{"id":435,"href":"https:\/\/fabricia.at\/index.php?rest_route=\/wp\/v2\/pages\/276\/revisions\/435"}],"wp:attachment":[{"href":"https:\/\/fabricia.at\/index.php?rest_route=%2Fwp%2Fv2%2Fmedia&parent=276"}],"curies":[{"name":"wp","href":"https:\/\/api.w.org\/{rel}","templated":true}]}}