{"id":271,"date":"2025-02-22T13:14:42","date_gmt":"2025-02-22T13:14:42","guid":{"rendered":"https:\/\/fabricia.at\/?page_id=271"},"modified":"2025-02-23T10:45:11","modified_gmt":"2025-02-23T10:45:11","slug":"unser-tag-2","status":"publish","type":"page","link":"https:\/\/fabricia.at\/?page_id=271","title":{"rendered":"FAQs"},"content":{"rendered":"<p>[et_pb_section fb_built=&#8220;1&#8243; _builder_version=&#8220;4.27.2&#8243; _module_preset=&#8220;default&#8220; background_image=&#8220;http:\/\/fabricia.at\/wp-content\/uploads\/2024\/11\/header-1024&#215;518.png&#8220; parallax=&#8220;on&#8220; background_enable_video_mp4=&#8220;off&#8220; width=&#8220;100%&#8220; max_width_tablet=&#8220;&#8220; max_width_phone=&#8220;100%&#8220; max_width_last_edited=&#8220;on|phone&#8220; custom_margin=&#8220;||||false|false&#8220; custom_padding=&#8220;0px||100px||false|false&#8220; hover_enabled=&#8220;0&#8243; background_last_edited=&#8220;on|phone&#8220; background_image_phone=&#8220;http:\/\/fabricia.at\/wp-content\/uploads\/2024\/11\/TR_20240903_TR_20240903__DSC2354-683&#215;1024.jpg&#8220; background_enable_image_phone=&#8220;on&#8220; background_enable_video_mp4_phone=&#8220;off&#8220; global_colors_info=&#8220;{}&#8220; height__hover_enabled=&#8220;on|desktop&#8220; sticky_enabled=&#8220;0&#8243; title_text=&#8220;TR_20240903_TR_20240903__DSC2354&#8243;][et_pb_row _builder_version=&#8220;4.27.2&#8243; _module_preset=&#8220;default&#8220; global_colors_info=&#8220;{}&#8220;][et_pb_column type=&#8220;4_4&#8243; _builder_version=&#8220;4.27.2&#8243; _module_preset=&#8220;default&#8220; global_colors_info=&#8220;{}&#8220;][et_pb_text _builder_version=&#8220;4.27.2&#8243; _module_preset=&#8220;default&#8220; text_font=&#8220;EB Garamond||||||||&#8220; text_text_color=&#8220;#FFFFFF&#8220; text_font_size=&#8220;98px&#8220; text_letter_spacing=&#8220;15px&#8220; text_line_height=&#8220;1.9em&#8220; header_text_align=&#8220;center&#8220; background_color=&#8220;RGBA(255,255,255,0)&#8220; text_orientation=&#8220;center&#8220; custom_margin=&#8220;140px||||false|false&#8220; text_font_size_tablet=&#8220;43px&#8220; text_font_size_phone=&#8220;34px&#8220; text_font_size_last_edited=&#8220;on|phone&#8220; global_colors_info=&#8220;{}&#8220;]<\/p>\n<p>FAQs<\/p>\n<p>[\/et_pb_text][et_pb_text _builder_version=&#8220;4.27.2&#8243; _module_preset=&#8220;default&#8220; text_font=&#8220;EB Garamond||||||||&#8220; text_text_color=&#8220;#FFFFFF&#8220; text_font_size=&#8220;21px&#8220; text_letter_spacing=&#8220;4px&#8220; text_line_height=&#8220;1.8em&#8220; text_orientation=&#8220;center&#8220; custom_margin=&#8220;140px||||false|false&#8220; global_colors_info=&#8220;{}&#8220;]<\/p>\n<p>14.08.2025<br \/>Schlosspark M\u00fchlbach am Manhartsberg<\/p>\n<p>[\/et_pb_text][\/et_pb_column][\/et_pb_row][\/et_pb_section][et_pb_section fb_built=&#8220;1&#8243; _builder_version=&#8220;4.27.2&#8243; _module_preset=&#8220;default&#8220; background_color=&#8220;#ece7db&#8220; width=&#8220;100%&#8220; max_width=&#8220;100%&#8220; custom_margin=&#8220;||||false|false&#8220; custom_padding=&#8220;||||false|false&#8220; global_colors_info=&#8220;{}&#8220;][et_pb_row _builder_version=&#8220;4.27.2&#8243; _module_preset=&#8220;default&#8220; width=&#8220;100%&#8220; max_width=&#8220;2560px&#8220; global_colors_info=&#8220;{}&#8220;][et_pb_column type=&#8220;4_4&#8243; _builder_version=&#8220;4.27.2&#8243; _module_preset=&#8220;default&#8220; global_colors_info=&#8220;{}&#8220;][et_pb_image src=&#8220;http:\/\/fabricia.at\/wp-content\/uploads\/amoreimpark.png&#8220; title_text=&#8220;amoreimpark&#8220; align=&#8220;center&#8220; _builder_version=&#8220;4.27.2&#8243; _module_preset=&#8220;default&#8220; width=&#8220;100%&#8220; max_width=&#8220;49%&#8220; max_width_tablet=&#8220;49%&#8220; max_width_phone=&#8220;97%&#8220; max_width_last_edited=&#8220;on|phone&#8220; global_colors_info=&#8220;{}&#8220;][\/et_pb_image][\/et_pb_column][\/et_pb_row][\/et_pb_section][et_pb_section fb_built=&#8220;1&#8243; _builder_version=&#8220;4.27.2&#8243; _module_preset=&#8220;default&#8220; global_colors_info=&#8220;{}&#8220;][et_pb_row _builder_version=&#8220;4.27.2&#8243; _module_preset=&#8220;default&#8220; global_colors_info=&#8220;{}&#8220;][et_pb_column type=&#8220;4_4&#8243; _builder_version=&#8220;4.27.2&#8243; _module_preset=&#8220;default&#8220; global_colors_info=&#8220;{}&#8220;][et_pb_text _builder_version=&#8220;4.27.2&#8243; _module_preset=&#8220;default&#8220; text_font=&#8220;EB Garamond||||||||&#8220; text_font_size=&#8220;22px&#8220; global_colors_info=&#8220;{}&#8220;]<\/p>\n<p><span style=\"color: #cf4c2a;\"><b>UNSER MOTTO<\/b><\/span><\/p>\n<p><span style=\"font-weight: 400;\">Ihr habt es vielleicht schon entdeckt \u2013 Amore im Park. Der Name ist Programm: wir planen eine gem\u00fctliche Gartenhochzeit mit gutem Wein, feinem Essen und einer Prise Dolce Vita.\u00a0<\/span><\/p>\n<p><span style=\"color: #cf4c2a;\"><b>DRESSCODE \u2013 BUNT WIE IHR<\/b><\/span><\/p>\n<p><span style=\"font-weight: 400;\">F\u00fcr unser Fest freuen wir uns \u00fcber sommerlich-elegante Kleidung. Alle Farben und Formen sind dabei willkommen. Es sind keine Wanderschuhe notwendig aber Achtung, Kieselsteine und Gras bitte bei der Schuhwahl ber\u00fccksichtigen.\u00a0<\/span><\/p>\n<p><span style=\"color: #cf4c2a;\"><b>DAS W\u00dcNSCHEN WIR UNS<\/b><\/span><\/p>\n<p><span style=\"font-weight: 400;\">Eure Zeit, gemeinsam mit uns zu feiern, ist bereits das gr\u00f6\u00dfte Geschenk. Solltet ihr uns dennoch etwas schenken wollen, freuen wir uns \u00fcber einen kleinen Beitrag zu unserer Hochzeits-Safari. Schlie\u00dflich wollen wir Elefanten &amp; Pinguine live und in Farbe sehen.\u00a0 \u00a0\u00a0<\/span><\/p>\n<p style=\"text-align: center;\"><strong><\/strong><\/p>\n<p><span style=\"color: #cf4c2a;\"><b>UNSERE G\u00c4STE<\/b><\/span><\/p>\n<p><span style=\"font-weight: 400;\">Wir freuen uns, diesen besonderen Tag mit unseren liebsten Menschen zu feiern. Wir bitten euch daher, dass nur die eingeladenen G\u00e4ste teilnehmen. Sollte dies f\u00fcr euch aus dem Save The Date oder der Einladung nicht klar hervorgehen, fragt gerne jederzeit nach.\u00a0<\/span><\/p>\n<p><span style=\"font-weight: 400;\">Kleine G\u00e4ste sind nat\u00fcrlich herzlich willkommen! Bitte beachtet jedoch, dass es keine Kinderbetreuung vor Ort geben wird \u2013 wir hoffen, sie haben trotzdem Spa\u00df beim Tanzen, Naschen und Entdecken.\u00a0<\/span><\/p>\n<p><span style=\"font-weight: 400;\">Falls ihr bis zu unserem Fest die Liebe eures Lebens findet und sie unbedingt dabeihaben m\u00f6chtet, schreibt uns <\/span><b>\u2013<\/b><span style=\"font-weight: 400;\"> wir sind hoffnungslos romantisch und vielleicht noch verhandlungsbereit!<\/span><\/p>\n<p><span style=\"color: #cf4c2a;\"><b>RUND UM SPEIS &amp; TRANK<\/b><\/span><\/p>\n<p><span style=\"font-weight: 400;\">Solltet ihr euch vegetarisch\/vegan ern\u00e4hren oder Lebensmittelunvertr\u00e4glichkeiten haben, lasst es uns einfach mit eurer Zusage wissen.\u00a0<\/span><\/p>\n<p><span style=\"color: #cf4c2a;\"><b>MITFAHRGELEGENHEIT<\/b><\/span><\/p>\n<p><span style=\"font-weight: 400;\">Ihr seid auf der Suche nach einer Mitfahrgelegenheit? Kein Problem! Meldet euch gerne bei uns und wir helfen euch dabei, den Kontakt zu anderen G\u00e4sten herzustellen, die einen \u00e4hnlichen Weg haben.\u00a0<\/span><\/p>\n<p><span style=\"color: #cf4c2a;\"><b>CHECK-IN<\/b><\/span><\/p>\n<p><span style=\"font-weight: 400;\">Wir wollen euch unseren gro\u00dfen Tag so angenehm wie m\u00f6glich gestalten. Der Check-in und der Bezug eurer Zimmer wird in den meisten F\u00e4llen erst nach der Hochzeit m\u00f6glich sein.<\/span><\/p>\n<p><span style=\"font-weight: 400;\">Wir kl\u00e4ren aktuell mit dem Loisium und dem Strasser Hof, dass ein Raum zum Frischmachen und Umziehen f\u00fcr euch zur Verf\u00fcgung steht, Gep\u00e4ck sicher verwahrt werden kann und ihr eure Schl\u00fcssel unkompliziert unter dem Kennwort \u201eFabricia\u201c abholen k\u00f6nnt.<\/span><\/p>\n<p>\u00a0<span style=\"color: #cf4c2a;\"><b>SPIELE &amp; SPASS<\/b><\/span><\/p>\n<p><span style=\"font-weight: 400;\">Freut euch auf ein Rahmenprogramm voller Spa\u00df und Amore \u2013 es wird f\u00fcr jeden Geschmack etwas dabei sein! Die Braut bleibt allerdings vor Ort und wird nicht gestohlen und auch B\u00e4ume m\u00fcssen an diesem Tag nicht ges\u00e4gt werden.\u00a0<\/span><\/p>\n<p>&nbsp;<\/p>\n<p><b style=\"color: #cf4c2a; font-size: 22px;\">IHR HABT WEITERE FRAGEN?<\/b><\/p>\n<p><span style=\"font-weight: 400;\">Ruft uns gerne jederzeit an, die Fabricia Hotline ist f\u00fcr euch erreichbar unter:<\/span><\/p>\n<p><span style=\"font-weight: 400;\">Patricia: +43 660 3754764 \u00a0 \u00a0 \u00a0 \u00a0 \u00a0 Fabian: \u00a0 +43 699 17358035<\/span><\/p>\n<p><span style=\"font-weight: 400;\">F\u00fcr geheime Machenschaften &amp; Schabernack stehen euch auch unsere Trauzeugen zur Verf\u00fcgung:\u00a0<\/span><\/p>\n<p><span style=\"font-weight: 400;\">Nadine: +43 664 4212249<\/span><\/p>\n<p><span style=\"font-weight: 400;\">Antonia: +43 650 6060108<\/span><\/p>\n<p><span style=\"font-weight: 400;\">Hannes: +43 664 3462125<\/span><\/p>\n<p>[\/et_pb_text][\/et_pb_column][\/et_pb_row][\/et_pb_section][et_pb_section fb_built=&#8220;1&#8243; _builder_version=&#8220;4.27.2&#8243; _module_preset=&#8220;default&#8220; custom_margin=&#8220;-100px||-100px||false|false&#8220; custom_padding=&#8220;0px||||false|false&#8220; global_colors_info=&#8220;{}&#8220;][et_pb_row _builder_version=&#8220;4.27.2&#8243; _module_preset=&#8220;default&#8220; background_color=&#8220;RGBA(255,255,255,0)&#8220; global_colors_info=&#8220;{}&#8220;][et_pb_column type=&#8220;4_4&#8243; _builder_version=&#8220;4.27.2&#8243; _module_preset=&#8220;default&#8220; global_colors_info=&#8220;{}&#8220;][et_pb_countdown_timer title=&#8220;Ihr Titel&#8220; date_time=&#8220;2025-08-14 10:32&#8243; _builder_version=&#8220;4.27.2&#8243; _module_preset=&#8220;default&#8220; header_text_color=&#8220;RGBA(255,255,255,0)&#8220; header_letter_spacing=&#8220;9px&#8220; numbers_font=&#8220;EB Garamond||||||||&#8220; numbers_text_color=&#8220;rgba(0,0,0,0.66)&#8220; numbers_letter_spacing=&#8220;1px&#8220; label_font=&#8220;EB Garamond||||||||&#8220; label_text_color=&#8220;#000000&#8243; label_letter_spacing=&#8220;3px&#8220; label_line_height=&#8220;32px&#8220; background_color=&#8220;RGBA(255,255,255,0)&#8220; label_font_size_tablet=&#8220;12px&#8220; label_font_size_phone=&#8220;1px&#8220; label_font_size_last_edited=&#8220;on|tablet&#8220; global_colors_info=&#8220;{}&#8220;][\/et_pb_countdown_timer][et_pb_image src=&#8220;http:\/\/fabricia.at\/wp-content\/uploads\/2024\/11\/Logo_black_bg.png&#8220; title_text=&#8220;Logo_black_bg&#8220; align=&#8220;center&#8220; _builder_version=&#8220;4.27.2&#8243; _module_preset=&#8220;default&#8220; width=&#8220;18%&#8220; width_tablet=&#8220;18%&#8220; width_phone=&#8220;55%&#8220; width_last_edited=&#8220;on|phone&#8220; max_width=&#8220;80%&#8220; custom_margin=&#8220;-10px||-80px||false|false&#8220; custom_padding=&#8220;1px||||false|false&#8220; global_colors_info=&#8220;{}&#8220;][\/et_pb_image][\/et_pb_column][\/et_pb_row][\/et_pb_section][et_pb_section fb_built=&#8220;1&#8243; _builder_version=&#8220;4.27.2&#8243; _module_preset=&#8220;default&#8220; background_color=&#8220;#ece7db&#8220; max_width=&#8220;99%&#8220; height=&#8220;145px&#8220; global_colors_info=&#8220;{}&#8220;][et_pb_row _builder_version=&#8220;4.27.2&#8243; _module_preset=&#8220;default&#8220; width=&#8220;50%&#8220; custom_margin=&#8220;80px||||false|false&#8220; global_colors_info=&#8220;{}&#8220;][et_pb_column type=&#8220;4_4&#8243; _builder_version=&#8220;4.27.2&#8243; _module_preset=&#8220;default&#8220; global_colors_info=&#8220;{}&#8220;][et_pb_text _builder_version=&#8220;4.27.2&#8243; _module_preset=&#8220;default&#8220; link_option_url=&#8220;https:\/\/fabricia.at\/?page_id=159&#8243; global_colors_info=&#8220;{}&#8220;]<\/p>\n<p style=\"text-align: center;\">Datenschutz<\/p>\n<p>[\/et_pb_text][\/et_pb_column][\/et_pb_row][\/et_pb_section]<\/p>\n","protected":false},"excerpt":{"rendered":"<p>FAQs14.08.2025Schlosspark M\u00fchlbach am ManhartsbergUNSER MOTTO Ihr habt es vielleicht schon entdeckt \u2013 Amore im Park. Der Name ist Programm: wir planen eine gem\u00fctliche Gartenhochzeit mit gutem Wein, feinem Essen und einer Prise Dolce Vita.\u00a0 DRESSCODE \u2013 BUNT WIE IHR F\u00fcr unser Fest freuen wir uns \u00fcber sommerlich-elegante Kleidung. Alle Farben und Formen sind dabei willkommen. [&hellip;]<\/p>\n","protected":false},"author":1,"featured_media":0,"parent":0,"menu_order":0,"comment_status":"closed","ping_status":"closed","template":"","meta":{"_et_pb_use_builder":"on","_et_pb_old_content":"","_et_gb_content_width":"","footnotes":""},"class_list":["post-271","page","type-page","status-publish","hentry"],"_links":{"self":[{"href":"https:\/\/fabricia.at\/index.php?rest_route=\/wp\/v2\/pages\/271","targetHints":{"allow":["GET"]}}],"collection":[{"href":"https:\/\/fabricia.at\/index.php?rest_route=\/wp\/v2\/pages"}],"about":[{"href":"https:\/\/fabricia.at\/index.php?rest_route=\/wp\/v2\/types\/page"}],"author":[{"embeddable":true,"href":"https:\/\/fabricia.at\/index.php?rest_route=\/wp\/v2\/users\/1"}],"replies":[{"embeddable":true,"href":"https:\/\/fabricia.at\/index.php?rest_route=%2Fwp%2Fv2%2Fcomments&post=271"}],"version-history":[{"count":18,"href":"https:\/\/fabricia.at\/index.php?rest_route=\/wp\/v2\/pages\/271\/revisions"}],"predecessor-version":[{"id":421,"href":"https:\/\/fabricia.at\/index.php?rest_route=\/wp\/v2\/pages\/271\/revisions\/421"}],"wp:attachment":[{"href":"https:\/\/fabricia.at\/index.php?rest_route=%2Fwp%2Fv2%2Fmedia&parent=271"}],"curies":[{"name":"wp","href":"https:\/\/api.w.org\/{rel}","templated":true}]}}